osite?
False
Is 830891 prime?
True
Is 37574 a composite number?
True
Is 12003 composite?
True
Is 1016299 a prime number?
False
Is 229787 composite?
True
Is 472499 a prime number?
False
Is 473761 a prime number?
True
Is 163517 a composite number?
False
Is 1193 a prime number?
True
Is 370339 a prime number?
False
Is 236123 a composite number?
True
Is 178361 a composite number?
False
Is 43151 composite?
False
Is 85297 prime?
True
Is 144641 a composite number?
True
Is 24179 composite?
False
Is 231779 composite?
False
Is 21731 a composite number?
True
Is 147881 prime?
True
Is 101267 prime?
True
Is 15349 a prime number?
True
Is 16411 composite?
False
Is 29409 a prime number?
False
Is 38387 a prime number?
False
Is 11747 a prime number?
False
Is 18637 a composite number?
False
Is 377873 a composite number?
False
Is 23017 a composite number?
False
Is 85571 a composite number?
False
Is 97985 a composite number?
True
Is 7061 prime?
False
Is 88993 a composite number?
False
Is 191207 composite?
True
Is 4997 prime?
False
Is 1715033 composite?
False
Is 15559 a composite number?
False
Is 209917 prime?
True
Is 215959 a composite number?
False
Is 1757 prime?
False
Is 24251 a composite number?
False
Is 281845 composite?
True
Is 7819 a composite number?
True
Is 5519 composite?
False
Is 163367 a prime number?
True
Is 166511 a prime number?
False
Is 32954 prime?
False
Is 128747 a composite number?
False
Is 5963 prime?
False
Is 146213 composite?
False
Is 368702 a composite number?
True
Is 17337 a composite number?
True
Is 18797 a prime number?
True
Is 95379 composite?
True
Is 7237 a composite number?
False
Is 2422054 prime?
False
Is 132191 composite?
True
Is 65179 a prime number?
True
Is 406169 prime?
True
Is 66686 a composite number?
True
Is 26905 composite?
True
Is 11359 a prime number?
False
Is 5455 prime?
False
Is 2018 a prime number?
False
Is 448667 composite?
False
Is 3907 composite?
False
Is 1259 a composite number?
False
Is 1405 prime?
False
Is 3898 composite?
True
Is 487561 composite?
False
Is 970201 a composite number?
False
Is 253691 composite?
True
Is 36535 composite?
True
Is 14441 a composite number?
True
Is 16591 a composite number?
True
Is 31679 prime?
False
Is 10753 a prime number?
True
Is 3109 prime?
True
Is 23189 composite?
False
Is 1069 a composite number?
False
Is 2683319 prime?
True
Is 24286 composite?
True
Is 2094965 composite?
True
Is 4769 prime?
False
Is 39499 composite?
False
Is 6163 a composite number?
False
Is 119077 a composite number?
True
Is 18173 prime?
False
Is 579277 a prime number?
True
Is 23143 composite?
False
Is 210079 composite?
True
Is 2583663 a composite number?
True
Is 168161 a composite number?
True
Is 22691 a composite number?
False
Is 159971 composite?
True
Is 2073 prime?
False
Is 198599 composite?
False
Is 168163 a composite number?
True
Is 301177 a composite number?
False
Is 13747 prime?
False
Is 967 composite?
False
Is 2918 a composite number?
True
Is 605677 prime?
False
Is 4183 a composite number?
True
Is 146569 a composite number?
True
Is 16291 a prime number?
False
Is 94013 composite?
True
Is 3491 a composite number?
False
Is 1904523 a prime number?
False
Is 13963 prime?
True
Is 41807 a prime number?
False
Is 738667 a composite number?
True
Is 390953 a composite number?
False
Is 9977 composite?
True
Is 150473 composite?
False
Is 1135601 a composite number?
True
Is 158459 a composite number?
True
Is 666869 prime?
False
Is 24155 composite?
True
Is 192581 prime?
True
Is 31461 prime?
False
Is 554437 composite?
True
Is 8219 composite?
False
Is 1262 prime?
False
Is 12193 a composite number?
True
Is 27905 composite?
True
Is 261191 a composite number?
True
Is 493 prime?
False
Is 14813 a composite number?
False
Is 51919 composite?
True
Is 2977 a composite number?
True
Is 75079 prime?
True
Is 25387 composite?
True
Is 5323 a prime number?
True
Is 677 a composite number?
False
Is 2055715 a composite number?
True
Is 14779 a composite number?
False
Is 42917 prime?
False
Is 6623 prime?
False
Is 15671 composite?
False
Is 235087 a composite number?
True
Is 804013 prime?
False
Is 373 composite?
False
Is 79657 prime?
True
Is 1693 a composite number?
False
Is 16043 composite?
True
Is 1585105 a composite number?
True
Is 370281 composite?
True
Is 622433 prime?
False
Is 32987 a prime number?
True
Is 19181 a prime number?
True
Is 19291 composite?
True
Is 74641 a prime number?
False
Is 192857 prime?
False
Is 177239 prime?
True
Is 27271 prime?
True
Is 83541 prime?
False
Is 27191 composite?
False
Is 1061 a prime number?
True
Is 4749515 prime?
False
Is 78401 prime?
True
Is 45049 a prime number?
False
Is 8509 a prime number?
False
Is 2044481 a composite number?
True
Is 78703 a composite number?
True
Is 237697 composite?
True
Is 4397 composite?
False
Is 6131 prime?
True
Is 292571 a composite number?
True
Is 1337 prime?
False
Is 32441 a prime number?
True
Is 27427 composite?
False
Is 2983 prime?
False
Is 389953 a prime number?
True
Is 83035 a composite number?
True
Is 16801 prime?
False
Is 194647 composite?
False
Is 9607 prime?
False
Is 1203 prime?
False
Is 11591 a composite number?
True
Is 28849 prime?
False
Is 85321 composite?
True
Is 4513 prime?
True
Is 25819 prime?
True
Is 1279 prime?
True
Is 575009 prime?
True
Is 3043 a composite number?
True
Is 6079 a composite number?
False
Is 5021 a composite number?
False
Is 10973 prime?
True
Is 4249633 prime?
True
Is 5027 a composite number?
True
Is 1931 prime?
True
Is 568379 a prime number?
False
Is 30151 a composite number?
True
Is 562663 composite?
False
Is 141761 a composite number?
False
Is 19777 prime?
True
Is 57227 prime?
False
Is 209213 a prime number?
True
Is 90931 composite?
False
Is 64217 composite?
False
Is 55649 composite?
True
Is 1567 prime?
True
Is 57329 prime?
True
Is 6521 prime?
True
Is 680489 prime?
True
Is 14299 a prime number?
False
Is 92867 prime?
True
Is 458309 a composite number?
False
Is 190921 composite?
False
Is 1506409 composite?
True
Is 1354597 a composite number?
True
Is 339901 a prime number?
False
Is 34583 prime?
True
Is 101033 a prime number?
False
Is 1390031 composite?
True
Is 11863 a composite number?
False
Is 1081979 prime?
True
Is 423173 composite?
False
Is 533 prime?
False
Is 856967 prime?
False
Is 19063 composite?
True
Is 3803 prime?
True
Is 4258 composite?
True
Is 581 composite?
True
Is 597301 prime?
True
Is 103747 a composite number?
True
Is 9863 prime?
False
Is 79579 prime?
True
Is 363065 a prime number?
False
Is 4657 prime?
True
Is 152717 a composite number?
False
Is 1033833 prime?
False
Is 24194 a prime number?
False
Is 21709 prime?
False
Is 51369 composite?
True
Is 867277 a prime number?
False
Is 170801 prime?
True
Is 65467 a prime number?
False
Is 992857 prime?
True
Is 21343 a prime number?
False
Is 856441 prime?
True
Is 559049 a composite number?
False
Is 57199 a composite number?
True
Is 60031 prime?
False
Is 343999 a composite number?
True
Is 15161 prime?
True
Is 64151 a composite number?
False
Is 1481 composite?
False
Is 22262 prime?
False
Is 72347 composite?
True
Is 87137 prime?
False
Is 22609 a composite number?
True
Is 810947 a composite number?
True
Is 20849 a composite number?
False
Is 5963 a prime number?
False
Is 35729 composite?
False
Is 211501 composite?
False
Is 94723 a composite number?
False
Is 887 a prime number?
True
Is 779327 a composite number?
False
Is 795899 composite?
True
Is 74807 a composite number?
True
Is 78041 composite?
False
Is 17691 prime?
False
Is 3761 prime?
True
Is 517043 composite?
False
Is 1870415 composite?
True
Is 61583 prime?
True
Is 56939 composite?
True
Is 7963 composite?
False
Is 18895 prime?
False
Is 853221 prime?
False
Is 40231 a prime number?
True
Is 6839 composite?
True
Is 877 a prime number?
True
Is 317609 composite?
False
Is 6805 a prime number?
False
Is 685023 a prime number?
False
Is 35291 composite?
False
Is 106583 composite?
True
Is 243811 a prime number?
False
Is 24317 a prime number?
True
Is 193277 prime?
False
Is 56819 a composite number?
True
Is 456455 a composite number?
True
Is 37173 composite?
True
Is 1522493 composite?
True
Is 828505 composite?
True
Is 614 composite?
True
Is 18779 a composite number?
True
Is 1654849 composite?
True
Is 1259117 prime?
False
Is 581465 composite?
True
Is 13997 a com